{"id":2130,"date":"2025-12-01T10:37:03","date_gmt":"2025-12-01T10:37:03","guid":{"rendered":"https:\/\/curtavitoriaaminas.com.br\/iv\/?post_type=diario-de-bordo&#038;p=2130"},"modified":"2025-12-04T14:31:05","modified_gmt":"2025-12-04T14:31:05","slug":"dia-7","status":"publish","type":"diario-de-bordo","link":"https:\/\/curtavitoriaaminas.com.br\/iv\/diario-de-bordo\/dia-7\/","title":{"rendered":"Dia 7 &#8211; In\u00edcio das oficinas de Som e Fotografia"},"content":{"rendered":"\n<p>Hoje come\u00e7aram as oficinas de som e fotografia com Guile Martins e Tom\u00e1s Camargo. Marcia Medeiros, professora de edi\u00e7\u00e3o, tamb\u00e9m chegou e participa desta pr\u00f3xima etapa que \u00e9 a filmagem de uma das cenas do roteiro.<\/p>\n\n\n\n<p>Depois de passar a tarde conversando sobre cada um dos roteiros, o grupo iniciou as grava\u00e7\u00f5es com a cena do filme &#8220;Pedro, Al\u00e9m de Alc\u00e2ntara&#8221;, de Miriam Firmo.<\/p>\n\n\n\n<p>Nessa etapa, o grupo experimenta, na pr\u00e1tica, a viv\u00eancia real de um set de grava\u00e7\u00e3o. Juntas, as oficinas de som e fotografia ajudam os participantes a pensar enquadramento, luz, planos e, at\u00e9 mesmo, a dire\u00e7\u00e3o dos atores (que, nesse caso, s\u00e3o os pr\u00f3prios colegas).<\/p>\n\n\n\n<p>At\u00e9 a edi\u00e7\u00e3o \u00e9 abordada durante a pr\u00e1tica j\u00e1 que cada escolha feita no set implica na montagem e, consequentemente, no resultado final.<\/p>\n\n\n\n<div class=\"wp-block-buttons is-layout-flex wp-block-buttons-is-layout-flex\">\n<div class=\"wp-block-button\"><a class=\"wp-block-button__link wp-element-button\" href=\"https:\/\/curtavitoriaaminas.com.br\/iv\/galeria\/dia-7\">Fotos do dia<\/a><\/div>\n<\/div>\n\n\n\n<p><\/p>\n","protected":false},"featured_media":2098,"template":"","format":"standard","meta":{"_acf_changed":false,"_uag_custom_page_level_css":"","ngg_post_thumbnail":0},"categories":[],"class_list":["post-2130","diario-de-bordo","type-diario-de-bordo","status-publish","format-standard","has-post-thumbnail","hentry"],"acf":[],"aioseo_notices":[],"uagb_featured_image_src":{"full":["https:\/\/curtavitoriaaminas.com.br\/iv\/wp-content\/uploads\/ofcina_dia7_3012-41.jpg",2400,1600,false],"thumbnail":["https:\/\/curtavitoriaaminas.com.br\/iv\/wp-content\/uploads\/ofcina_dia7_3012-41-150x150.jpg",150,150,true],"medium":["https:\/\/curtavitoriaaminas.com.br\/iv\/wp-content\/uploads\/ofcina_dia7_3012-41-300x200.jpg",300,200,true],"medium_large":["https:\/\/curtavitoriaaminas.com.br\/iv\/wp-content\/uploads\/ofcina_dia7_3012-41-768x512.jpg",768,512,true],"large":["https:\/\/curtavitoriaaminas.com.br\/iv\/wp-content\/uploads\/ofcina_dia7_3012-41-1024x683.jpg",1024,683,true],"1536x1536":["https:\/\/curtavitoriaaminas.com.br\/iv\/wp-content\/uploads\/ofcina_dia7_3012-41-1536x1024.jpg",1536,1024,true],"2048x2048":["https:\/\/curtavitoriaaminas.com.br\/iv\/wp-content\/uploads\/ofcina_dia7_3012-41-2048x1365.jpg",2048,1365,true]},"uagb_author_info":{"display_name":"cvmiv_donadosite","author_link":"https:\/\/curtavitoriaaminas.com.br\/iv\/author\/"},"uagb_comment_info":0,"uagb_excerpt":"Hoje come\u00e7aram as oficinas de som e fotografia com Guile Martins e Tom\u00e1s Camargo. Marcia Medeiros, professora de edi\u00e7\u00e3o, tamb\u00e9m chegou e participa desta pr\u00f3xima etapa que \u00e9 a filmagem de uma das cenas do roteiro. Depois de passar a tarde conversando sobre cada um dos roteiros, o grupo iniciou as grava\u00e7\u00f5es com a cena&hellip;","_links":{"self":[{"href":"https:\/\/curtavitoriaaminas.com.br\/iv\/wp-json\/wp\/v2\/diario-de-bordo\/2130","targetHints":{"allow":["GET"]}}],"collection":[{"href":"https:\/\/curtavitoriaaminas.com.br\/iv\/wp-json\/wp\/v2\/diario-de-bordo"}],"about":[{"href":"https:\/\/curtavitoriaaminas.com.br\/iv\/wp-json\/wp\/v2\/types\/diario-de-bordo"}],"wp:featuredmedia":[{"embeddable":true,"href":"https:\/\/curtavitoriaaminas.com.br\/iv\/wp-json\/wp\/v2\/media\/2098"}],"wp:attachment":[{"href":"https:\/\/curtavitoriaaminas.com.br\/iv\/wp-json\/wp\/v2\/media?parent=2130"}],"wp:term":[{"taxonomy":"category","embeddable":true,"href":"https:\/\/curtavitoriaaminas.com.br\/iv\/wp-json\/wp\/v2\/categories?post=2130"}],"curies":[{"name":"wp","href":"https:\/\/api.w.org\/{rel}","templated":true}]}}

Dia 7 &#8211; Início das oficinas de Som e Fotografia

<p>Hoje começaram as oficinas de som e fotografia com Guile Martins e Tomás Camargo. Marcia Medeiros, professora de edição, também chegou e participa desta próxima etapa que é a filmagem de uma das cenas do roteiro.</p>



<p>Depois de passar a tarde conversando sobre cada um dos roteiros, o grupo iniciou as gravações com a cena do filme &#8220;Pedro, Além de Alcântara&#8221;, de Miriam Firmo.</p>



<p>Nessa etapa, o grupo experimenta, na prática, a vivência real de um set de gravação. Juntas, as oficinas de som e fotografia ajudam os participantes a pensar enquadramento, luz, planos e, até mesmo, a direção dos atores (que, nesse caso, são os próprios colegas).</p>



<p>Até a edição é abordada durante a prática já que cada escolha feita no set implica na montagem e, consequentemente, no resultado final.</p>



<div class="wp-block-buttons is-layout-flex wp-block-buttons-is-layout-flex">
<div class="wp-block-button"><a class="wp-block-button__link wp-element-button" href="https://curtavitoriaaminas.com.br/iv/galeria/dia-7">Fotos do dia</a></div>
</div>



<p></p>

Hoje começaram as oficinas de som e fotografia com Guile Martins e Tomás Camargo. Marcia Medeiros, professora de edição, também chegou e participa desta próxima etapa que é a filmagem de uma das cenas do roteiro. Depois de passar a tarde conversando sobre cada um dos roteiros, o grupo iniciou as gravações com a cena&hellip;
