{"id":1301,"date":"2025-11-24T07:37:57","date_gmt":"2025-11-24T07:37:57","guid":{"rendered":"https:\/\/curtavitoriaaminas.com.br\/iv\/?post_type=diario-de-bordo&#038;p=1301"},"modified":"2025-11-25T23:23:13","modified_gmt":"2025-11-25T23:23:13","slug":"chegada-na-estacao-de-vitoria-da-estrada-de-ferro-vitoria-a-minas","status":"publish","type":"diario-de-bordo","link":"https:\/\/curtavitoriaaminas.com.br\/iv\/diario-de-bordo\/chegada-na-estacao-de-vitoria-da-estrada-de-ferro-vitoria-a-minas\/","title":{"rendered":"Chegada na esta\u00e7\u00e3o de Vit\u00f3ria da Estrada de Ferro Vit\u00f3ria a Minas"},"content":{"rendered":"\n<p>Helder, de Jo\u00e3o Neiva\/ES, M\u00edriam, de Jo\u00e3o Monlevade\/MG, Poliana, de Nova Era\/MG, T\u00e2nia, de Aimor\u00e9s\/MG e Maria da Concei\u00e7\u00e3o, de Belo Oriente\/MG, chegaram ontem, em Vit\u00f3ria. No hotel j\u00e1 estavam Geremias, de Ibira\u00e7u\/ES, e Lucia Elena, de Conselheiro Pena\/MG.<\/p>\n","protected":false},"featured_media":1302,"template":"","format":"standard","meta":{"_acf_changed":false,"_uag_custom_page_level_css":"","ngg_post_thumbnail":0},"categories":[10],"class_list":["post-1301","diario-de-bordo","type-diario-de-bordo","status-publish","format-standard","has-post-thumbnail","hentry","category-diario-de-bordo"],"acf":[],"aioseo_notices":[],"uagb_featured_image_src":{"full":["https:\/\/curtavitoriaaminas.com.br\/iv\/wp-content\/uploads\/7ae09fa6-42ae-44aa-82a4-0cfd7274fcce.jpeg",1280,960,false],"thumbnail":["https:\/\/curtavitoriaaminas.com.br\/iv\/wp-content\/uploads\/7ae09fa6-42ae-44aa-82a4-0cfd7274fcce-150x150.jpeg",150,150,true],"medium":["https:\/\/curtavitoriaaminas.com.br\/iv\/wp-content\/uploads\/7ae09fa6-42ae-44aa-82a4-0cfd7274fcce-300x225.jpeg",300,225,true],"medium_large":["https:\/\/curtavitoriaaminas.com.br\/iv\/wp-content\/uploads\/7ae09fa6-42ae-44aa-82a4-0cfd7274fcce-768x576.jpeg",768,576,true],"large":["https:\/\/curtavitoriaaminas.com.br\/iv\/wp-content\/uploads\/7ae09fa6-42ae-44aa-82a4-0cfd7274fcce-1024x768.jpeg",1024,768,true],"1536x1536":["https:\/\/curtavitoriaaminas.com.br\/iv\/wp-content\/uploads\/7ae09fa6-42ae-44aa-82a4-0cfd7274fcce.jpeg",1280,960,false],"2048x2048":["https:\/\/curtavitoriaaminas.com.br\/iv\/wp-content\/uploads\/7ae09fa6-42ae-44aa-82a4-0cfd7274fcce.jpeg",1280,960,false]},"uagb_author_info":{"display_name":"cvmiv_donadosite","author_link":"https:\/\/curtavitoriaaminas.com.br\/iv\/author\/"},"uagb_comment_info":0,"uagb_excerpt":"Helder, de Jo\u00e3o Neiva\/ES, M\u00edriam, de Jo\u00e3o Monlevade\/MG, Poliana, de Nova Era\/MG, T\u00e2nia, de Aimor\u00e9s\/MG e Maria da Concei\u00e7\u00e3o, de Belo Oriente\/MG, chegaram ontem, em Vit\u00f3ria. No hotel j\u00e1 estavam Geremias, de Ibira\u00e7u\/ES, e Lucia Elena, de Conselheiro Pena\/MG.","_links":{"self":[{"href":"https:\/\/curtavitoriaaminas.com.br\/iv\/wp-json\/wp\/v2\/diario-de-bordo\/1301","targetHints":{"allow":["GET"]}}],"collection":[{"href":"https:\/\/curtavitoriaaminas.com.br\/iv\/wp-json\/wp\/v2\/diario-de-bordo"}],"about":[{"href":"https:\/\/curtavitoriaaminas.com.br\/iv\/wp-json\/wp\/v2\/types\/diario-de-bordo"}],"wp:featuredmedia":[{"embeddable":true,"href":"https:\/\/curtavitoriaaminas.com.br\/iv\/wp-json\/wp\/v2\/media\/1302"}],"wp:attachment":[{"href":"https:\/\/curtavitoriaaminas.com.br\/iv\/wp-json\/wp\/v2\/media?parent=1301"}],"wp:term":[{"taxonomy":"category","embeddable":true,"href":"https:\/\/curtavitoriaaminas.com.br\/iv\/wp-json\/wp\/v2\/categories?post=1301"}],"curies":[{"name":"wp","href":"https:\/\/api.w.org\/{rel}","templated":true}]}}

Chegada na estação de Vitória da Estrada de Ferro Vitória a Minas

<p>Helder, de João Neiva/ES, Míriam, de João Monlevade/MG, Poliana, de Nova Era/MG, Tânia, de Aimorés/MG e Maria da Conceição, de Belo Oriente/MG, chegaram ontem, em Vitória. No hotel já estavam Geremias, de Ibiraçu/ES, e Lucia Elena, de Conselheiro Pena/MG.</p>

Helder, de João Neiva/ES, Míriam, de João Monlevade/MG, Poliana, de Nova Era/MG, Tânia, de Aimorés/MG e Maria da Conceição, de Belo Oriente/MG, chegaram ontem, em Vitória. No hotel já estavam Geremias, de Ibiraçu/ES, e Lucia Elena, de Conselheiro Pena/MG.
