{"id":1291,"date":"2025-11-24T16:01:44","date_gmt":"2025-11-24T16:01:44","guid":{"rendered":"https:\/\/curtavitoriaaminas.com.br\/iv\/?post_type=diario-de-bordo&#038;p=1291"},"modified":"2025-12-03T11:02:28","modified_gmt":"2025-12-03T11:02:28","slug":"dia-1-conhecendo-o-grupo-e-o-instituto-marlin-azul","status":"publish","type":"diario-de-bordo","link":"https:\/\/curtavitoriaaminas.com.br\/iv\/diario-de-bordo\/dia-1-conhecendo-o-grupo-e-o-instituto-marlin-azul\/","title":{"rendered":"Dia 1 &#8211; Conhecendo o grupo e o Instituto Marlin Azul"},"content":{"rendered":"\n<p>O grupo chegou hoje, 24\/11, ao Instituto Marlin Azul por volta das 9h. O dia foi dedicado \u00e0s apresenta\u00e7\u00f5es pessoais e das hist\u00f3rias, contadas oralmente por cada um dos autores e autoras. Como nesta edi\u00e7\u00e3o todas as hist\u00f3rias t\u00eam rela\u00e7\u00e3o com as vidas pessoais dos participantes, houve momentos em que as emo\u00e7\u00f5es tomaram conta e as vozes ficaram embargadas. Mas tamb\u00e9m teve muita gargalhada e, claro, cada um dando pitaco nas hist\u00f3rias dos colegas.<\/p>\n\n\n\n<p>As professoras de roteiro, Lulu Correa e Beth Formaggini, se encarregaram tamb\u00e9m de fazer algumas provoca\u00e7\u00f5es que ser\u00e3o desenvolvidas mais tarde, ao longo da semana.<\/p>\n\n\n\n<div class=\"wp-block-buttons is-layout-flex wp-block-buttons-is-layout-flex\">\n<div class=\"wp-block-button\"><a class=\"wp-block-button__link wp-element-button\" href=\"https:\/\/curtavitoriaaminas.com.br\/iv\/galeria\/dia-1\/\">Fotos do dia<\/a><\/div>\n<\/div>\n","protected":false},"featured_media":1319,"template":"","format":"standard","meta":{"_acf_changed":false,"_uag_custom_page_level_css":"","ngg_post_thumbnail":0},"categories":[],"class_list":["post-1291","diario-de-bordo","type-diario-de-bordo","status-publish","format-standard","has-post-thumbnail","hentry"],"acf":[],"aioseo_notices":[],"uagb_featured_image_src":{"full":["https:\/\/curtavitoriaaminas.com.br\/iv\/wp-content\/uploads\/24NOV25_CVM-IV-10-scaled.jpeg",2560,1920,false],"thumbnail":["https:\/\/curtavitoriaaminas.com.br\/iv\/wp-content\/uploads\/24NOV25_CVM-IV-10-150x150.jpeg",150,150,true],"medium":["https:\/\/curtavitoriaaminas.com.br\/iv\/wp-content\/uploads\/24NOV25_CVM-IV-10-300x225.jpeg",300,225,true],"medium_large":["https:\/\/curtavitoriaaminas.com.br\/iv\/wp-content\/uploads\/24NOV25_CVM-IV-10-768x576.jpeg",768,576,true],"large":["https:\/\/curtavitoriaaminas.com.br\/iv\/wp-content\/uploads\/24NOV25_CVM-IV-10-1024x768.jpeg",1024,768,true],"1536x1536":["https:\/\/curtavitoriaaminas.com.br\/iv\/wp-content\/uploads\/24NOV25_CVM-IV-10-1536x1152.jpeg",1536,1152,true],"2048x2048":["https:\/\/curtavitoriaaminas.com.br\/iv\/wp-content\/uploads\/24NOV25_CVM-IV-10-2048x1536.jpeg",2048,1536,true]},"uagb_author_info":{"display_name":"cvmiv_donadosite","author_link":"https:\/\/curtavitoriaaminas.com.br\/iv\/author\/"},"uagb_comment_info":0,"uagb_excerpt":"O grupo chegou hoje, 24\/11, ao Instituto Marlin Azul por volta das 9h. O dia foi dedicado \u00e0s apresenta\u00e7\u00f5es pessoais e das hist\u00f3rias, contadas oralmente por cada um dos autores e autoras. Como nesta edi\u00e7\u00e3o todas as hist\u00f3rias t\u00eam rela\u00e7\u00e3o com as vidas pessoais dos participantes, houve momentos em que as emo\u00e7\u00f5es tomaram conta e&hellip;","_links":{"self":[{"href":"https:\/\/curtavitoriaaminas.com.br\/iv\/wp-json\/wp\/v2\/diario-de-bordo\/1291","targetHints":{"allow":["GET"]}}],"collection":[{"href":"https:\/\/curtavitoriaaminas.com.br\/iv\/wp-json\/wp\/v2\/diario-de-bordo"}],"about":[{"href":"https:\/\/curtavitoriaaminas.com.br\/iv\/wp-json\/wp\/v2\/types\/diario-de-bordo"}],"wp:featuredmedia":[{"embeddable":true,"href":"https:\/\/curtavitoriaaminas.com.br\/iv\/wp-json\/wp\/v2\/media\/1319"}],"wp:attachment":[{"href":"https:\/\/curtavitoriaaminas.com.br\/iv\/wp-json\/wp\/v2\/media?parent=1291"}],"wp:term":[{"taxonomy":"category","embeddable":true,"href":"https:\/\/curtavitoriaaminas.com.br\/iv\/wp-json\/wp\/v2\/categories?post=1291"}],"curies":[{"name":"wp","href":"https:\/\/api.w.org\/{rel}","templated":true}]}}

<p>O grupo chegou hoje, 24/11, ao Instituto Marlin Azul por volta das 9h. O dia foi dedicado às apresentações pessoais e das histórias, contadas oralmente por cada um dos autores e autoras. Como nesta edição todas as histórias têm relação com as vidas pessoais dos participantes, houve momentos em que as emoções tomaram conta e as vozes ficaram embargadas. Mas também teve muita gargalhada e, claro, cada um dando pitaco nas histórias dos colegas.</p>



<p>As professoras de roteiro, Lulu Correa e Beth Formaggini, se encarregaram também de fazer algumas provocações que serão desenvolvidas mais tarde, ao longo da semana.</p>



<div class="wp-block-buttons is-layout-flex wp-block-buttons-is-layout-flex">
<div class="wp-block-button"><a class="wp-block-button__link wp-element-button" href="https://curtavitoriaaminas.com.br/iv/galeria/dia-1/">Fotos do dia</a></div>
</div>

O grupo chegou hoje, 24/11, ao Instituto Marlin Azul por volta das 9h. O dia foi dedicado às apresentações pessoais e das histórias, contadas oralmente por cada um dos autores e autoras. Como nesta edição todas as histórias têm relação com as vidas pessoais dos participantes, houve momentos em que as emoções tomaram conta e&hellip;
